= -0*h + 3*h. Let u = h - -46. Suppose l + 8022 = u*l. Is l prime?
False
Suppose 279*w - 273*w - 43518 = 0. Suppose 0 = m + 642 - w. Is m composite?
True
Let l be (-37)/(-74)*1*(-14 - 0). Let v = l + 10. Let z(j) = 123*j - 16. Is z(v) a composite number?
False
Let q(k) = k**3 + 14*k**2 + 13*k + 5. Let x be q(-13). Is -4 - -723*x/(-1 + 6) composite?
False
Let s = -53 + 57. Suppose 6424 = 3*u - s*b, -4*b + 5 = -3. Suppose 3*a + a - u = 4*r, -4*a = 2*r - 2138. Is a a composite number?
True
Let p(x) = x**3 + 81*x**2 + 372*x + 181. Is p(-75) prime?
False
Let b = -34 + 34. Let d(n) = -n**2 + 2*n. Let v be d(b). Suppose 2*x = -2*t - 3*x + 1101, -2*t + 3*x + 1109 = v. Is t composite?
True
Let v(t) = -3*t**2 + 137*t - 90. Let m be v(45). Suppose m = -a + 10*a - 90495. Is a a composite number?
True
Let k(h) = 522*h**2 - 3*h - 4. Let v be (6/(-6) + 0)*1. Is k(v) a prime number?
True
Suppose -490*p + 415*p = -7739925. Is p prime?
False
Let k(a) = 5*a**3 - 6*a**2 + 5*a - 10. Let b be k(7). Let g = 7187 + b. Is g composite?
True
Let t = 275 - 92. Suppose 7*a - 370 = t. Is a composite?
False
Let l be (5 - 6)*(5 + 0). Let z(m) = 44*m**3 - 6*m**2 + 8*m + 3. Let j be z(l). Let o = -3954 - j. Is o composite?
False
Suppose 0 = -0*k - 4*k. Suppose k = 5*z - 1499 - 7071. Let y = z + -1173. Is y a prime number?
True
Let i(w) = -8841*w + 1. Let m be i(2). Let d = 33400 + m. Is d prime?
False
Suppose -9*h - 594986 = -18*h + 7*h. Is h prime?
False
Suppose -7*k + k = -4500. Suppose -3*a - 145 = -i + 230, 2*i = -2*a + k. Let u = -184 + i. Is u a composite number?
False
Let k be (-1 + 1643)*7/21*15. Suppose t + k = 11*t. Is t a composite number?
False
Let o(r) = -4481*r + 55. Is o(-6) a prime number?
False
Let r = 709 + -524. Suppose 182*d = r*d - 993. Is d prime?
True
Suppose 0 = -4*q + 5*i + 5541, 5*q - 3*i + 2010 = 8946. Let r = -604 + q. Is r prime?
False
Suppose -4*l + 293414 = -2*j, -12*l - 73351 = -13*l + 3*j. Is l prime?
False
Suppose -68*r + 72*r - 27076 = 0. Suppose 8*y = r - 1641. Is y composite?
False
Let a = 1019 - -356. Let h = a - 333. Is h a prime number?
False
Let j = -7424 + 3904. Let q = 14051 + j. Is q prime?
True
Is (-15)/(-35) - ((-4379264)/28)/4 a composite number?
True
Let y(b) = 6*b**2 + 9*b + 10. Let k be y(-1). Suppose -k*n + 1053 + 3742 = 0. Is n a composite number?
True
Is ((-3)/(-12))/((-28)/82208)*353/(-2) composite?
True
Let f be 329985/(-36) - 3/4. Let v = f + 14700. Is v prime?
False
Let d(t) = 4*t**2 - 165*t + 33. Let a be (5 + 132/(24/(-6)))*-2. Is d(a) composite?
True
Let l be (-46)/((9 + -6)/((-18)/(-4))). Let g = -64 - l. Is (-1 + g)/(-20) - 2184/(-20) prime?
True
Let n(t) = 714*t - 431. Is n(25) a prime number?
True
Let z = 731 + -1124. Suppose 5*h + 2435 - 334 = 3*m, -2*h - 1406 = -2*m. Let q = z + m. Is q a composite number?
True
Let y = -676 + 688. Suppose 691398 = 6*w + y*w. Is w a prime number?
False
Suppose 4*a + 4*o - 66064 = 23156, -a - 3*o + 22317 = 0. Is a a prime number?
False
Let v = -19635 + 33452. Is v a prime number?
False
Suppose 28 = 3*q - 4*j, -2*q + 46*j - 44*j + 16 = 0. Suppose -2*w + q*w - 5066 = 0. Is w a prime number?
False
Let b = 175837 + -91716. Is b prime?
True
Suppose 953*z = 723*z + 146401210. Is z a composite number?
True
Let l(f) = 8*f**3 + 14*f**2 - 131*f + 151. Is l(30) prime?
False
Suppose -4*o = -2*w + 298, 2*o - 20*w + 140 = -16*w. Is (8/(-32))/(2/134)*o composite?
True
Suppose 0 = 8*o + 55890 - 1223866. Is o prime?
False
Let d = -36 + 49. Let i be 0 + 0 + -13 + d. Is -1*(-255 - (i + -4)) composite?
False
Let h = 3175367 - 1843314. Is h prime?
False
Let z(g) = -78*g**2 - 2*g - 93. Let l be z(-11). Let j = 16886 + l. Is j a composite number?
True
Is (-119687)/1*(3 - (-4 - -12)) a composite number?
True
Suppose -40 = -0*n + 4*n. Let c(q) be the third derivative of -59*q**4/8 - 17*q**3/6 - 8*q**2 - 4. Is c(n) prime?
True
Suppose -78*z + 76*z = -44. Suppose z*t - 5790 = 17*t. Suppose o + 3*w = 272, 0*o = -4*o + 2*w + t. Is o prime?
False
Is 26799519/95*80/48 a prime number?
True
Suppose 59*n - 15436913 - 20348578 = -8197858. Is n a prime number?
True
Is -2 - 27611/(-2 + 54/30) prime?
True
Let c = -69 - -73. Suppose -f + 4*h - 8 = -2, -4*f = -c*h. Suppose -5*r = -3*j - 3854, -2*r + 1810 = -f*j + 266. Is r prime?
True
Suppose -475*l + 92488 = 5*r - 476*l, 14 = 2*l. Is r a composite number?
True
Let u = 58929 + 12490. Is u a prime number?
True
Is (2 - 0) + 2382173/11 + 46/(-253) a composite number?
True
Suppose 3*n = -x - 1546, -2*n + 7790 = -5*x - 5*n. Let v = 5057 - x. Suppose 0 = 7*h - 13*h + v. Is h a composite number?
False
Let w(c) = -6*c + 3 - 5 + 0 - 7*c**2 - c**3 + 4. Let g be w(-6). Is g/10 - 8844/(-30) a prime number?
False
Suppose -w - 11 = -4*u - 0*w, -6 = -u - 3*w. Suppose -102699 = -2*n - n + u*j, 136922 = 4*n + j. Is n a prime number?
True
Suppose g + 0*q - 2301 = -5*q, -4592 = -2*g - 5*q. Is g a composite number?
True
Let z be (-3)/15 - (-66)/30. Suppose z*m = 964 + 98. Suppose 0 = 9*i + m - 2358. Is i composite?
True
Let w(b) = 13*b**3 - b**2. Let y be w(-1). Let q(m) be the first derivative of -m**4/4 - 4*m**3 + 8*m**2 + 19*m + 2219. Is q(y) a prime number?
False
Let k(v) = 12*v**3 - v**2 + 38*v - 22. Is k(8) composite?
True
Let x(b) = -b**3 + 9*b**2 + 11*b - 11. Let i be x(9). Let h = -10 - i. Let u = 65 - h. Is u a composite number?
False
Is (7 - (-1001505)/10)*(-3 - -5) a composite number?
True
Let b(i) = 28 + 10*i - 11 - 15*i**2 + 285*i**2 + 8*i**2. Is b(5) a prime number?
False
Let q = -16720 + 45701. Is q a prime number?
False
Let a = -964 + -5406. Let z = -2325 - a. Is z composite?
True
Let q = -2806 - -5283. Let o be -1*(-2 - -1116) + -2. Let c = o + q. Is c prime?
True
Let j(a) = 983*a - 119. Is j(12) a prime number?
True
Let t(j) = 62604*j**2 + 57*j + 2. Is t(-1) a composite number?
False
Suppose -122756 = -4*n - 2*y, -4*y + 61378 = 4*n - 2*n. Is n a composite number?
False
Suppose 0 = -87*y + 81*y - 30. Is 18/y*40/(-16) composite?
True
Let s(j) = 297*j - 76. Let w be s(9). Suppose -4*u + w = -3391. Is u composite?
True
Let l = -43 + 62. Suppose -22*t = -l*t - 573. Suppose -3*n - 44 = -t. Is n composite?
True
Let t = 80 - 83. Is -1*15/t*1*3677 prime?
False
Let d(z) = 6*z**2 + 5*z + 3. Let t be d(-1). Suppose 7 = l + 4*b, b + 2 - 8 = t*l. Is 3359 - (5 - 6 - l) prime?
True
Is (-1)/(-4)*(263 + 178253) composite?
True
Let r(u) be the third derivative of u**7/504 + u**6/36 - 2*u**5/15 - u**4/2 + 22*u**2. Let g(b) be the second derivative of r(b). Is g(15) prime?
True
Suppose 5*r - 2 = -2*m + 13, -5*r - 4*m + 5 = 0. Suppose -r*o + 1587 + 6128 = 0. Is o prime?
True
Suppose 0 = d + 8*d - 10746. Suppose -3*k - 4*a + d = -5501, -2*a = -5*k + 11193. Is k a prime number?
True
Suppose -2*q - 4*q + 384 = 0. Let t be (5541/(-12))/((-4)/q). Is (t/8)/(-1)*-2 composite?
False
Let k = 38 - 36. Let q(n) = -7*n + 3 - 12 - 20*n**2 + 29*n**k. Is q(-7) a prime number?
False
Is 18/3 + 0 + 83844 + -17 a prime number?
True
Let b = 51058 - 10401. Is b a composite number?
True
Is 43060/(-36)*-51 - 14/21 composite?
False
Suppose 4*d + 12 + 4 = 0, 2*d = -5*a + 57. Suppose 18850 = a*q - 49699. Is q composite?
False
Suppose -6*v = -5*o - 4*v + 10199285, o + 5*v = 2039857. Is o a prime number?
True
Suppose 3*s = -5*c + 223627, -40*c - 298180 = -4*s - 44*c. Is s prime?
False
Let y(a) = -640*a**3 + 2*a**2 - 1. Let q be y(1). Suppose 4*b + 3485 = 2*b + r, 5*r - 1765 = b. Let j = q - b. Is j prime?
False
Let s(b) = 3720*b - 2341. Is s(12) a composite number?
False
Let g = -387 - -387. Suppose 2*a + 270 - 922 = g. Is a composite?
True
Let x(i) = 3027*i**2 + i - 1. Let z be x(-1). Let v = 5107 - z. Suppose q = -5*q + v. Is q composite?
False
Let n = 194 - 190. Suppose 13556 = n*a + 3*q, 10*a = 14*a - 5*q - 13524. Is a prime?
False
Let c(t) = -4565*t**3 - 3*t**2 - 17*t - 19. Is c(-2) a prime number?
True
Suppose 0 = 14*l + 122965 - 1117847. Is l composite?
True
Suppose 2*v - 4*r = 100142, 4*v + 49*r = 48*r + 200275. Is v a prime number?
True
Let n(k) be the second derivative of 2*k**3/3 + k**2 + 23*k. Let f be n(0). Is f - 2*(-4866)/4 composite?
True
Let t(v) = v**3 - 5*v**2 + 7*v - 4. Let l = 27 - -22. Let u = l + -43. Is t(u) a prime number?
False
Suppose -t + 18001 = 2*a - 8458, 3*a = -4*t + 105821. Is t a c